rime factors of r?
7559
Let m(f) = 3*f**2 + f - 25. Suppose -6*l + 15 = 63. List the prime factors of m(l).
3, 53
Let x(m) = 2*m**3 - 3*m**2 - 4*m - 6. Let d be x(6). Let z = 418 - d. What are the prime factors of z?
2, 31
Let h be 0/(-1)*(-7)/(-14). Suppose h*k - 9 = -3*k. Suppose -k*p - 3*t + 120 = 0, -5*t + 76 = 2*p - t. List the prime factors of p.
2, 3, 7
Let m = 8 - 5. Suppose 294 = m*s + 3*s. List the prime factors of s.
7
Suppose 49377 + 823 = -25*y. List the prime factors of 8/4*y/16*-1.
251
Let k(c) = -17*c + 11 - 2*c**2 - c**2 - 3*c. Let j(q) = -79*q + 467. Let r be j(6). List the prime factors of k(r).
2
Let z = 5 - 8. Let o(x) = -36*x - 26. What are the prime factors of o(z)?
2, 41
Let w(d) be the first derivative of -d**4/4 + 2*d**3/3 - 3*d**2/2 + 15*d - 71. List the prime factors of w(-10).
3, 5, 83
Let a(g) = -g - 1. Let f(q) = 18*q + 21. Let j(i) = -5*a(i) + f(i). List the prime factors of j(5).
3, 47
Suppose 6*a = 3*a - 6, -3*u - 109 = 5*a. Suppose 0 = -3*p - i + 27, 3*p + 18 = 5*p - 3*i. What are the prime factors of (-3 + 12/p)*u?
5, 11
Suppose -16*r = -9387 - 142789. List the prime factors of r.
9511
Suppose 2*j - 7*j = -15. Suppose 0 = j*r - 13 + 1, -4*q + 2*r = -328. List the prime factors of q.
2, 3, 7
Let h be (-2 - 0)/((-5)/(-5)). Let a be (-34)/16*h - 1/4. What are the prime factors of a - (0 + 0 - 39)?
43
Let f(p) = -25*p + 414. Let c(a) = -101*a + 1650. Let s(x) = 2*c(x) - 9*f(x). What are the prime factors of s(19)?
11
Suppose -4*q + 1122 = 2*n, -4*n + 6*q = 9*q - 2224. Let z = n - 205. What are the prime factors of z?
2, 3, 29
What are the prime factors of (-32 + 27)/(2 - 35451/17718)?
2, 2953
Let f(w) = 78*w + 3. Let i(r) = -1. Let g(j) = f(j) + 2*i(j). List the prime factors of g(7).
547
Let p(z) = 11*z - 71 - 59*z + 16*z**2 + 28*z. What are the prime factors of p(-5)?
3, 11, 13
Let k(f) = -4*f**2 - 7*f + 7. Let h be k(-4). Let u = h - -12. Let a(y) = y**2 + 11*y - 33. What are the prime factors of a(u)?
3, 23
Suppose 3*r + 15 - 12 = 0. Let j be (r - 3) + -1 - 1. Let u(p) = p**3 + 8*p**2 - 2*p - 8. What are the prime factors of u(j)?
2, 19
Let t = 134 - 129. Let r be 4/(-10) + 17/t. Let g(s) = 6*s**3 + s**2 - s - 5. What are the prime factors of g(r)?
163
Let b(x) = -213*x - 91. What are the prime factors of b(-34)?
7151
Let q(o) = 30*o**3 - 2*o**2 + 3*o - 2. Let k be q(2). Suppose 165*f - 161*f - 1612 = 2*t, -802 = -2*f - t. Let c = f - k. List the prime factors of c.
2, 83
Let z(m) = -m**3 + 20*m**2 + 48*m - 9. Let k be z(22). Suppose -r + k = 2*h, 81 = 3*h - 4*r - 10. What are the prime factors of h?
37
Let w = -10567 + 39249. What are the prime factors of w?
2, 14341
Let u be (-419512)/(-80) - 3/(-30). Suppose -u = -11*k + 7043. List the prime factors of k.
1117
Let k = 6524 + -4604. Let s = 3236 - k. What are the prime factors of s?
2, 7, 47
Let s(d) be the first derivative of d**4/4 + 4*d**3 - 9*d**2 - 12*d + 15. Let z be s(-14). Let x = 230 + z. List the prime factors of x.
2, 3, 13
Let o(c) = -739*c - 20. Let i be o(6). Let y be i/(-14) - 2/14. Let j = -212 + y. List the prime factors of j.
2, 53
Let c = -113 - -117. Suppose 4*t - 2*s - 1170 = 0, -3 = -5*s + c*s. List the prime factors of t.
2, 3, 7
Let n = 289 - -2712. What are the prime factors of n?
3001
Let n(m) = m**3 - 8*m**2 + 6*m + 32945. List the prime factors of n(0).
5, 11, 599
Let r = -26 + 20. Let v be (-3)/(-3 - r)*(-2 - 1). Suppose -v*d + 100 = 2*d. List the prime factors of d.
2, 5
Let v = -4733 + 7080. List the prime factors of v.
2347
Suppose -73*o - 300138 = 46904. What are the prime factors of 69/161 - o/14?
2, 5, 17
Let l = 13 + -23. Let s(y) = 11*y - 2 + 0*y + 5*y**2 - 4*y**2 + 2*y**2 + 0*y. List the prime factors of s(l).
2, 47
Let w = -41189 - 37843. What are the prime factors of 6/57 + w/(-76)?
2, 5, 13
Let a = 80861 - 48109. What are the prime factors of a?
2, 23, 89
Let d(m) = 2*m**2 - 80. Let j be d(-8). Let x(r) = -r + 360. List the prime factors of x(j).
2, 3, 13
Let s be ((-88)/10)/((-1)/10). Let m = s + -55. List the prime factors of m.
3, 11
Let h = -8114 - -21316. Suppose -16*w = 7*w - h. What are the prime factors of w?
2, 7, 41
Let n be 44/(-33)*-24 + -3*1. Suppose 0 = -d - 2*w + 660, n*d - 33*d = -4*w - 2664. List the prime factors of d.
2, 83
Let i = -720 + 840. What are the prime factors of (-42)/(-8)*41/(410/i)?
3, 7
Let q = -2938 - -8841. What are the prime factors of q?
5903
Suppose -55*b - 588188 = 35*b - 1468748. What are the prime factors of b?
2, 1223
Suppose 0 = 3*w - j + 5*j + 6, 0 = w - 4*j - 14. Suppose 0 = -i - 0*i - 4*o + 557, -w*i = 3*o - 1119. List the prime factors of i.
3, 11, 17
What are the prime factors of ((-1)/(12/(-9)))/((-9)/(-3852))?
3, 107
Suppose -7*f + 15 = -13. Let q(z) = -3*z**2 + 12*z. Let h be q(f). Suppose 2*i - 180 - 118 = h. List the prime factors of i.
149
Let z(w) = 2*w**3 - 21*w**2 - 12*w + 3. Let h be z(11). Let y(n) = n**2 + 9*n + 14. Let c be y(h). Suppose -c*p + p = -10. List the prime factors of p.
2
Suppose -5*n = -3*q - 44571, 4*q - 10156 = -2*n + 7662. What are the prime factors of n?
3, 2971
Let o(c) = -816*c + 112. What are the prime factors of o(-3)?
2, 5
Let u = -795 - -5140. What are the prime factors of u?
5, 11, 79
List the prime factors of (-2625)/(-2) + 59/118.
13, 101
Suppose 2*p + 11628 = 19*p. Suppose 4*n + p = 2*h, -2*h + 678 = 14*n - 12*n. List the prime factors of h.
2, 5, 17
Suppose -m - 4*m - 2 = p, 4*p + 8 = 5*m. Suppose m = 2*g - 13 + 9. Suppose -w - t + 27 = 0, 3*t - 54 = -g*w + 6*t. What are the prime factors of w?
3
Let l(m) = m**2 - 2*m + 184. Let t be 6/1 - (-3 + 7) - -2. Suppose -t*k - k = 0. What are the prime factors of l(k)?
2, 23
Let f(n) = -23489*n**3 + 4*n**2 - 39*n - 42. List the prime factors of f(-1).
2, 3, 5, 29
Let h(z) be the first derivative of z**3/3 + 7*z**2/2 - 14*z - 11. Let j be h(-9). Suppose -j*o + 116 = -0*o. What are the prime factors of o?
29
Let v(y) = y**3 - 38*y**2 + 736*y + 29. What are the prime factors of v(38)?
27997
Let v be ((-6)/9)/(5/1815). Let x be 1/(1*(-2)/v). Let m = x - 63. List the prime factors of m.
2, 29
Suppose 3*t + 5571 = 3*w, 10*t = 5*w + 11*t - 9273. Suppose 5*z - 460 = w. List the prime factors of z.
463
Let h = -146 - -148. Suppose -c + 2*x = -402, -4*c - h*x + 0*x = -1588. What are the prime factors of c?
2, 199
Let k be ((-18)/8)/(-3)*-28. Let x be ((-8)/28)/(3/k). What are the prime factors of 3/(-12)*x*-126?
3, 7
Let x = 17625 - 3964. List the prime factors of x.
19, 719
Let w = 57409 + -24037. List the prime factors of w.
2, 3, 103
Let d(n) = n**3 - 4*n**2 - 16*n - 4. Let f be d(7). Let r = f - 28. Suppose 0 = -3*c - 5*a + 207, a + 138 = 2*c + r*a. What are the prime factors of c?
3, 23
Suppose y - 59150 = -11*i, 2 = -3*y + 11. What are the prime factors of i?
19, 283
Let b be ((-5)/((-15)/4))/(2/12). Suppose 11*q - b*q - 396 = 0. Let t = q + -25. What are the prime factors of t?
107
What are the prime factors of 1410/(-8)*(9 - 2227/85)*2?
3, 43, 47
Suppose 3*p = -7 + 34. Suppose -p*u - 10 = -11*u. Suppose -u*j = -90 + 5. What are the prime factors of j?
17
Suppose -2*m + 63 = 7*m. Suppose 424 - 74 = m*t. What are the prime factors of t*-1*3*(-2)/12?
5
Suppose -2*o + 19736 = 2*a, 5*a - 1502 = -o + 47834. List the prime factors of a.
3, 11, 13, 23
List the prime factors of 15 + 2862/(-198) - 65752/(-11).
2, 7, 61
Suppose -4*w + 27493 = -4*j - 23559, -5*w - 2*j + 63815 = 0. List the prime factors of w.
12763
Let r = 71267 + -20682. List the prime factors of r.
5, 67, 151
Let k = 92 - 85. Suppose -17 = -b - 3*y, -5*y + 2 = 2*b - k*y. Suppose -5*f + 1035 = b*d, -183 - 643 = -4*d - 2*f. What are the prime factors of d?
2, 103
Suppose 26*f + 29616 = 228282. Suppose -f = -8*u + 3343. What are the prime factors of u?
1373
Suppose s + 613 = -3*v - v, -3*v - 15 = 0. Let b = -207 - s. List the prime factors of b.
2, 193
List the prime factors of ((-26)/(-6) - -3)*(-156)/(-286) - -14967.
11, 1361
Let g be -2105*3/(6/(-2)). Suppose -g = -2*j + r, -4*r + 1070 = j - r. List the prime factors of j.
5, 211
Suppose -367*d + 4410 = 4*c - 365*d, 5*c - 5490 = 5*d. List the prime factors of c.
3, 367
Let y(t) = -1609*t - 6913. What are the prime factors of y(-48)?
19, 3701
Let x = -13 - -15. List the prime f